) = 4*h - 3. Let n be a(2). Suppose 4*g = 5*t - 29, n = 2*t + 5*g - 0. Suppose -15 = -w - 4*y, 3*w = 6*w + t*y - 45. List the prime factors of w.
3, 5
Let c(p) = p + 3. Let m(w) = 2*w**2 + 7*w + 5. Suppose 0*i - 4 = i. Let t be m(i). List the prime factors of c(t).
2, 3
Let q(l) = -l**3 - 2*l**2 - 2*l + 1. Let n be q(-2). Suppose 2*x - 5*y + 260 = -3*x, 2*y = -n*x - 225. Let o = -32 - x. List the prime factors of o.
3, 5
Let t = 236 + -166. What are the prime factors of t?
2, 5, 7
Let y = 7 + -10. Let d(j) be the third derivative of -j**6/120 - j**5/30 - j**3/3 - 2*j**2. What are the prime factors of d(y)?
7
Suppose -2*v - 2*s - 3 = -19, 0 = 3*s - 9. Suppose -v*a - 85 = -5*w - 0*a, -w + 17 = 2*a. What are the prime factors of w?
17
Suppose 0 = 5*u - 331 - 764. What are the prime factors of u?
3, 73
Let w(q) = q**3 - 2*q**2 + q - 1. What are the prime factors of w(4)?
5, 7
Suppose 4*r - 4 = 4. Let t be -1 + 0 + r - -4. Suppose -4 - t = -j. What are the prime factors of j?
3
Let p(o) = o**3 - 2*o + 2. Let m be p(2). Let u be 4/3*m/4. Suppose 2 = u*z - 2. List the prime factors of z.
2
List the prime factors of 2 + -1 - (3 - 6).
2
Let m = 12 + 15. List the prime factors of m.
3
Suppose -3*m + 217 - 10 = 0. Suppose -m = -4*b - 21. What are the prime factors of b?
2, 3
Suppose q - 10 = -4*q. Suppose 0 = -2*i - i + q*p - 49, 5*i + 73 = -p. Let a = i - -25. What are the prime factors of a?
2, 5
Let k(t) = -2*t**2 - 2*t + 2. Let o be k(2). Let f = o - -21. List the prime factors of f.
11
Let u(n) = n**3 - 9*n**2 + 5*n + 12. What are the prime factors of u(9)?
3, 19
Let g = 14 - 9. Suppose -5*c - 10 = -4*r, 0 = 5*c - g*r + 20 - 5. What are the prime factors of c?
2
What are the prime factors of 19 + (-9)/3 + 2?
2, 3
Let g(v) = v**2 - 5*v + 5. Suppose -2*r + 8 = -l - 2*l, -r + 15 = 4*l. List the prime factors of g(r).
19
Suppose -907 = -3*j - 2*z, -6*z + 4*z = -3*j + 923. List the prime factors of j.
5, 61
What are the prime factors of 13928/40 + 1/(-5)?
2, 3, 29
Let r(h) = -10*h - 83. List the prime factors of r(-31).
227
Let f(l) = l**3 + 2*l**2 - 4*l + 3. Let h be f(3). Suppose 0 = 5*m - 5, -4*x + 0*x + h = 4*m. What are the prime factors of 2/x*-2*-12?
2, 3
Let i(s) = s**3 - 4*s + 3. Let n(f) = f**3 - 5*f**2 - 6*f + 2. Let g be n(6). Let y be i(g). Suppose y*z - 4*z = -6. What are the prime factors of z?
2, 3
Suppose 0 = -s - 2*s + 111. List the prime factors of s.
37
Let y be (25/15)/(2/6). Suppose -8*a = -y*a - 42. What are the prime factors of a?
2, 7
List the prime factors of (12/(-1))/1*273/(-63).
2, 13
Suppose -2*v + 13 = 3*j, 3*v - 20 = 5*j + 47. Let l be 0 - 3/((-6)/v). Suppose x = 3*c - l, -c + 4*x + 1 = -5. List the prime factors of c.
2
Let s(v) be the third derivative of -v**6/120 + v**5/30 + v**3/3 + v**2. Suppose 4*w = 4*a + 16, -5*w = a - 2*a - 12. List the prime factors of s(w).
2
Suppose 4*m - k = 61, -7*m + 76 = -2*m - k. What are the prime factors of m?
3, 5
Let o(c) = 15*c**2 - 7*c - 1. What are the prime factors of o(-4)?
3, 89
Let o(f) be the second derivative of 5*f**4/12 + f**3/6 + f. Let m be o(-1). Let c = m - -4. List the prime factors of c.
2
Let c(d) = 2*d**2 - 19*d - 4. What are the prime factors of c(14)?
2, 61
Let d be (-4)/3*(1 + -10). Suppose d = -4*k + 44. Let t = 0 + k. List the prime factors of t.
2
Let x(t) = t**3 - 8*t**2 + 2*t. What are the prime factors of x(8)?
2
Let t(p) = p**2 + 6*p + 6. Let d be t(-5). Let k = 1 + d. List the prime factors of k.
2
Suppose 5*w = -i + 47, -2*i = -2*w + 8 - 66. What are the prime factors of i?
2
Suppose -5*b + 45 = s - 0*s, 2*b = -2*s + 26. List the prime factors of b.
2
Let r(d) = d**3 + d**2 + 2. Let l be r(0). Suppose -3*y - 2 = -l*n, -4*y - 1 = 2*n - 3. List the prime factors of (2 - n)*(-6 - -19).
13
Let z = 291 - 185. List the prime factors of z.
2, 53
Suppose d - a = -4 + 1, -3 = -4*d + a. Suppose -l - 5 = -d*l. What are the prime factors of l?
5
Suppose 3*c - 2*y - 3*y = 46, -5*y = c - 2. List the prime factors of c.
2, 3
Let n = -8 - -13. Let z = 31 + n. Suppose 0 = 4*x - 32 - z. List the prime factors of x.
17
Let l(s) = s**2 - 6*s. Let p be l(9). Let f = 50 - p. What are the prime factors of f?
23
Suppose 2*j + 250 = 2*t - 38, -2*j = -3*t + 431. List the prime factors of t.
11, 13
Let c(r) = -10*r + 13. What are the prime factors of c(-8)?
3, 31
Suppose -2*x + 5*r - 8 = 2*x, 0 = -4*r + 16. Suppose -k + x + 2 = 0. Suppose -2*d - 54 = -k*d. List the prime factors of d.
2, 3
Suppose 3*y - 2*l - 143 = 0, 2*l + 9 = 1. Suppose 4*b + y = -c, 5*b + 26 = c - 19. Let q = 19 + b. List the prime factors of q.
3
Let m(a) = -2*a + 8. Let d be m(7). Let h(k) = -k**3 - 6*k**2 - k + 3. Let r be h(d). Suppose 3*b - 24 = r. What are the prime factors of b?
11
Let g = 19 + -5. Let p = g - 9. Suppose -4*w - w = -3*v - 107, 0 = -p*w + v + 99. What are the prime factors of w?
19
Let u(o) = -4*o**3 - 7*o**2 + 2*o. Let s(i) = 9*i**3 + 15*i**2 - 5*i + 1. Let a(g) = -3*s(g) - 7*u(g). List the prime factors of a(-3).
3
Let v(x) = -7*x - 1. Let d be v(3). Let m(t) = t**3 - 8*t**2 + 5*t. Let q be m(7). Let l = q - d. What are the prime factors of l?
2
Suppose t - 6 = a, -5*t + 24 = -a - a. Let n be (a/(-5))/((-2)/(-40)). Suppose -2*z - n = -2*m - 4*z, -z - 6 = -m. What are the prime factors of m?
5
Suppose -3*l + 190 = 2*l. List the prime factors of l.
2, 19
Let i(y) = -y**2 - 7*y + 6. Let b be i(-8). Let p(z) = -2*z**3 + 3*z**2 + 2*z + 1. List the prime factors of p(b).
5
Let q = 3 - 8. List the prime factors of 7 - (3 + q - -4).
5
Suppose 0 = 3*q + 5*b - 74, 0*q - 4*b = -4*q + 56. List the prime factors of 10/3*q/4.
3, 5
Let u(b) = -6*b - 1. Let m = 10 - 13. List the prime factors of u(m).
17
Suppose -3*v + q = -129 - 84, -v - 5*q = -71. What are the prime factors of v?
71
What are the prime factors of 28/3*(-27)/(-6)?
2, 3, 7
Let s = 7 + -11. Let m(d) = -d**3 - 2*d**2 + 5*d. List the prime factors of m(s).
2, 3
List the prime factors of 53/2 + (-3)/6.
2, 13
Let q(f) = f + 59. List the prime factors of q(0).
59
Suppose 0 = -3*z + 3 + 3. Suppose -18 = z*a - 5*a. What are the prime factors of a?
2, 3
Let z = -106 + 302. What are the prime factors of z?
2, 7
Let h(p) = -3*p - 6. Let o be (42 + 0)/((-8)/(-4)). Let x be (-6)/(-21) - 90/o. List the prime factors of h(x).
2, 3
Let d(q) = -q**2 - 14*q + 16. Suppose -p + 4*x - 9 = 0, 2*p = -p + 2*x - 37. List the prime factors of d(p).
29
Suppose 0 = -4*r - 2*s + 16, -s = 7*r - 3*r - 12. What are the prime factors of r*2/(-6)*-9?
2, 3
Let k = -10 + 6. Let b be (51/k)/(5/(-20)). Suppose 2*w = b - 13. List the prime factors of w.
19
Let p(l) = -l**3 - 11*l**2 - 6*l - 10. Let b = 2 - 13. List the prime factors of p(b).
2, 7
Let l(x) = -6*x**3 - x**2 - x. Let z be l(-1). Suppose 18 = -4*g - 42. What are the prime factors of z/g - 57/(-5)?
11
Let l(b) = -262*b - 1. List the prime factors of l(-1).
3, 29
Suppose -5*t = -0*t - 25. Suppose 4 + 1 = 5*d, -t*d - 5 = -2*s. List the prime factors of -4 + 1 + s + 2.
2
Suppose 4*d = 3*i + 589, 2*i + 422 = 3*d - 21. What are the prime factors of d?
151
Suppose 0 = 4*a - 2*k - 12, 5*k = 2*a + 2*a - 18. Suppose -3*r = -2*r - a. Suppose -2 = -l + r. What are the prime factors of l?
2
Suppose -198 = -5*f - 4*y, f + y = 4*y + 51. Suppose 3*j - f = 5*k, k = -k - 6. List the prime factors of j.
3
Let q(t) = -t**3 + 7*t**2 + 5*t + 2. Let b be q(6). Suppose -5*j + b = -4*y, 4*y + 58 = 4*j - y. List the prime factors of j.
2, 3
Suppose 4*l + 0*l - 12 = 0. Suppose -3*d + 17 = -10. Let s = d + l. List the prime factors of s.
2, 3
Let u = -38 - -24. Let w = -10 - u. List the prime factors of w.
2
Suppose -5*m = 3 + 7. Let l be 2*-2*m - 1. Let k = 0 + l. List the prime factors of k.
7
Let u(c) = -3*c + 10. List the prime factors of u(-7).
31
Let i(n) = -60*n**3 - 3*n**2 - n + 1. Let h be i(-1). Let r = -13 + h. What are the prime factors of r?
2, 23
Let w(c) = c**2 + 7*c + 5. Let s(p) = 5*p + 2. Let y be s(-2). List the prime factors of w(y).
13
Let i(q) be the first derivative of q**3/3 - 2*q + 3. List the prime factors of i(-5).
23
Let f = -185 - -267. List the prime factors of f.
2, 41
Suppose 4*r = 3*k + 16, 0*k + 4*r - 16 = -5*k. Suppose -3*b + 30 = -k*b. What are the prime factors of b?
2, 5
Let r = -297 + 688. What ar